 18721.
97, 193
What are the prime factors of 335?
5, 67
What are the prime factors of 642?
2, 3, 107
What are the prime factors of 1300?
2, 5, 13
List the prime factors of 1359.
3, 151
List the prime factors of 1067.
11, 97
What are the prime factors of 35657?
181, 197
List the prime factors of 172556.
2, 179, 241
List the prime factors of 1757.
7, 251
What are the prime factors of 8816?
2, 19, 29
What are the prime factors of 15357?
3, 5119
List the prime factors of 64349.
229, 281
What are the prime factors of 29530?
2, 5, 2953
What are the prime factors of 11929?
79, 151
What are the prime factors of 2316?
2, 3, 193
What are the prime factors of 459?
3, 17
What are the prime factors of 43156?
2, 10789
List the prime factors of 13667.
79, 173
List the prime factors of 47106.
2, 3, 2617
What are the prime factors of 24900?
2, 3, 5, 83
List the prime factors of 1389.
3, 463
List the prime factors of 2727.
3, 101
What are the prime factors of 85765?
5, 17, 1009
List the prime factors of 533.
13, 41
What are the prime factors of 12101?
12101
List the prime factors of 29340.
2, 3, 5, 163
What are the prime factors of 18853?
17, 1109
What are the prime factors of 3646?
2, 1823
List the prime factors of 55505.
5, 17, 653
What are the prime factors of 2359?
7, 337
What are the prime factors of 100?
2, 5
List the prime factors of 1507.
11, 137
What are the prime factors of 23491?
13, 139
What are the prime factors of 5720?
2, 5, 11, 13
What are the prime factors of 20580?
2, 3, 5, 7
List the prime factors of 3750.
2, 3, 5
List the prime factors of 3691.
3691
What are the prime factors of 13967?
13967
What are the prime factors of 13004?
2, 3251
What are the prime factors of 1878?
2, 3, 313
List the prime factors of 14147.
7, 43, 47
List the prime factors of 4357.
4357
What are the prime factors of 125204?
2, 113, 277
What are the prime factors of 19273?
19273
List the prime factors of 10445.
5, 2089
What are the prime factors of 1830?
2, 3, 5, 61
List the prime factors of 4134.
2, 3, 13, 53
List the prime factors of 34150.
2, 5, 683
What are the prime factors of 2769?
3, 13, 71
List the prime factors of 50784.
2, 3, 23
What are the prime factors of 6561?
3
List the prime factors of 4685.
5, 937
What are the prime factors of 92329?
127, 727
List the prime factors of 809.
809
What are the prime factors of 308?
2, 7, 11
List the prime factors of 1102.
2, 19, 29
List the prime factors of 49433.
49433
What are the prime factors of 398?
2, 199
List the prime factors of 34311.
3, 11437
List the prime factors of 31792.
2, 1987
List the prime factors of 1342.
2, 11, 61
What are the prime factors of 660?
2, 3, 5, 11
What are the prime factors of 77674?
2, 71, 547
What are the prime factors of 95715?
3, 5, 709
What are the prime factors of 5655?
3, 5, 13, 29
List the prime factors of 3414.
2, 3, 569
What are the prime factors of 85284?
2, 3, 23, 103
List the prime factors of 2269.
2269
List the prime factors of 147094.
2, 73547
What are the prime factors of 12262?
2, 6131
What are the prime factors of 2335?
5, 467
What are the prime factors of 55875?
3, 5, 149
What are the prime factors of 5805?
3, 5, 43
List the prime factors of 1410.
2, 3, 5, 47
List the prime factors of 1167.
3, 389
What are the prime factors of 13081?
103, 127
List the prime factors of 18.
2, 3
List the prime factors of 2095.
5, 419
List the prime factors of 39019.
39019
List the prime factors of 792.
2, 3, 11
List the prime factors of 68281.
68281
What are the prime factors of 6909?
3, 7, 47
What are the prime factors of 138676?
2, 37, 937
List the prime factors of 6139.
7, 877
What are the prime factors of 8908?
2, 17, 131
List the prime factors of 1048.
2, 131
What are the prime factors of 3545?
5, 709
What are the prime factors of 3384?
2, 3, 47
What are the prime factors of 53347?
7, 7621
List the prime factors of 9757.
11, 887
What are the prime factors of 86822?
2, 43411
List the prime factors of 11180.
2, 5, 13, 43
What are the prime factors of 8567?
13, 659
What are the prime factors of 21978?
2, 3, 11, 37
List the prime factors of 9515.
5, 11, 173
What are the prime factors of 55181?
7, 7883
List the prime factors of 920.
2, 5, 23
List the prime factors of 104.
2, 13
List the prime factors of 3013.
23, 131
List the prime factors of 2445.
3, 5, 163
List the prime factors of 12542.
2, 6271
List the prime factors of 12527.
12527
What are the prime factors of 1755?
3, 5, 13
List the prime factors of 836.
2, 11, 19
List the prime factors of 21932.
2, 5483
What are the prime factors of 20701?
127, 163
List the prime factors of 3158.
2, 1579
What are the prime factors of 4688?
2, 293
List the prime factors of 3083.
3083
List the prime factors of 22486.
2, 11243
List the prime factors of 2554.
2, 1277
What are the prime factors of 1252?
2, 313
What are the prime factors of 518?
2, 7, 37
List the prime factors of 231.
3, 7, 11
What are the prime factors of 104906?
2, 52453
List the prime factors of 9989.
7, 1427
List the prime factors of 49311.
3, 5479
What are the prime factors of 101610?
2, 3, 5, 1129
List the prime factors of 3182.
2, 37, 43
What are the prime factors of 1871?
1871
List the prime factors of 155.
5, 31
What are the prime factors of 1704?
2, 3, 71
What are the prime factors of 11000?
2, 5, 11
What are the prime factors of 10024?
2, 7, 179
List the prime factors of 1981.
7, 283
List the prime factors of 11185.
5, 2237
What are the prime factors of 1659?
3, 7, 79
What are the prime factors of 52542?
2, 3, 7, 139
List the prime factors of 30841.
30841
What are the prime factors of 3435?
3, 5, 229
What are the prime factors of 8708?
2, 7, 311
List the prime factors of 716.
2, 179
List the prime factors of 17002.
2, 8501
List the prime factors of 23868.
2, 3, 13, 17
List the prime factors of 789.
3, 263
List the prime factors of 28166.
2, 14083
What are the prime factors of 8657?
11, 787
What are the prime factors of 5081?
5081
List the prime factors of 158464.
2, 619
What are the prime factors of 3201?
3, 11, 97
What are the prime factors of 112629?
3, 11, 3413
List the prime factors of 67353.
3, 11, 13, 157
List the prime factors of 1717.
17, 101
List the prime factors of 65457.
3, 7, 1039
List the prime factors of 3103.
29, 107
What are the prime factors of 660?
2, 3, 5, 11
What are the prime factors of 1139?
17, 67
List the prime factors of 4619.
31, 149
List the prime factors of 2057.
11, 17
What are the prime factors of 2259?
3, 251
What are the prime factors of 24382?
2, 73, 167
List the prime factors of 1827.
3, 7, 29
What are the prime factors of 541?
541
What are the prime factors of 13176?
2, 3, 61
What are the prime factors of 26734?
2, 13367
What are the prime factors of 125197?
125197
List the prime factors of 3702.
2, 3, 617
List the prime factors of 8182.
2, 4091
What are the prime factors of 2395?
5, 479
List the prime factors of 1119.
3, 373
List the prime factors of 1528.
2, 191
What are the prime factors of 32934?
2, 3, 11, 499
List the prime factors of 38322.
2, 3, 2129
What are the prime factors of 4171?
43, 97
What are the prime factors of 4752?
2, 3, 11
What are the prime factors of 865?
5, 173
List the prime factors of 11094.
2, 3, 43
What are the prime factors of 1544?
2, 193
List the prime factors of 474.
2, 3, 79
What are the prime factors of 200715?
3, 5, 13381
What are the prime factors of 40?
2, 5
What are the prime factors of 132881?
7, 41, 463
List the prime factors of 3052.
2, 7, 109
What are the prime factors of 1506?
2, 3, 251
What are the prime factors of 52364?
2, 13, 19, 53
List the prime factors of 41687.
41687
List the prime factors of 92376.
2, 3, 1283
What are the prime factors of 3845?
5, 769
List the prime factors of 18584.
2, 23, 101
List the prime factors of 14533.
14533
What are the prime factors of 1308?
2, 3, 109
List the prime factors of 6094.
2, 11, 277
What are the prime factors of 41075?
5, 31, 53
List the prime factors of 14206.
2, 7103
List the prime factors of 35075.
5, 23, 61
What are the prime factors of 877?
877
What are the prime factors of 1655?
5, 331
What are the prime factors of 96600?
2, 3, 5, 7, 23
List the prime factors of 1518.
2, 3, 11, 23
List the prime factors of 12652.
2, 3163
What are the prime fac